the remainder when 62 is divided by 17?
11
What is the remainder when 271 is divided by 30?
1
What is the remainder when 77 is divided by 76?
1
What is the remainder when 54 is divided by 27?
0
Calculate the remainder when 411 is divided by 81.
6
Calculate the remainder when 845 is divided by 77.
75
What is the remainder when 13447 is divided by 57?
52
Calculate the remainder when 111 is divided by 29.
24
Calculate the remainder when 56 is divided by 24.
8
Calculate the remainder when 175 is divided by 66.
43
What is the remainder when 6577 is divided by 235?
232
Calculate the remainder when 263 is divided by 22.
21
Calculate the remainder when 789 is divided by 22.
19
What is the remainder when 1371 is divided by 26?
19
What is the remainder when 631 is divided by 591?
40
Calculate the remainder when 1003 is divided by 127.
114
What is the remainder when 1126 is divided by 169?
112
What is the remainder when 99 is divided by 56?
43
Calculate the remainder when 334 is divided by 38.
30
What is the remainder when 110 is divided by 51?
8
Calculate the remainder when 1131 is divided by 233.
199
What is the remainder when 96 is divided by 57?
39
Calculate the remainder when 155 is divided by 10.
5
Calculate the remainder when 166 is divided by 7.
5
Calculate the remainder when 153 is divided by 36.
9
Calculate the remainder when 1867 is divided by 240.
187
Calculate the remainder when 1341 is divided by 112.
109
What is the remainder when 13 is divided by 4?
1
Calculate the remainder when 94 is divided by 74.
20
What is the remainder when 1727 is divided by 9?
8
Calculate the remainder when 1308 is divided by 73.
67
What is the remainder when 71 is divided by 37?
34
Calculate the remainder when 41 is divided by 6.
5
What is the remainder when 198 is divided by 103?
95
Calculate the remainder when 168 is divided by 104.
64
Calculate the remainder when 71 is divided by 52.
19
What is the remainder when 220 is divided by 58?
46
Calculate the remainder when 104 is divided by 30.
14
Calculate the remainder when 75 is divided by 21.
12
Calculate the remainder when 1085 is divided by 16.
13
Calculate the remainder when 951 is divided by 17.
16
Calculate the remainder when 1749 is divided by 429.
33
What is the remainder when 83 is divided by 5?
3
What is the remainder when 4315 is divided by 149?
143
Calculate the remainder when 1005 is divided by 101.
96
What is the remainder when 2306 is divided by 68?
62
What is the remainder when 3036 is divided by 7?
5
What is the remainder when 1325 is divided by 83?
80
What is the remainder when 5922 is divided by 220?
202
Calculate the remainder when 54 is divided by 2.
0
What is the remainder when 776 is divided by 28?
20
What is the remainder when 756 is divided by 69?
66
Calculate the remainder when 142 is divided by 13.
12
What is the remainder when 300 is divided by 21?
6
Calculate the remainder when 94 is divided by 78.
16
Calculate the remainder when 421 is divided by 85.
81
What is the remainder when 5529 is divided by 14?
13
Calculate the remainder when 168 is divided by 27.
6
Calculate the remainder when 667 is divided by 332.
3
Calculate the remainder when 118 is divided by 8.
6
What is the remainder when 193 is divided by 83?
27
What is the remainder when 583 is divided by 78?
37
What is the remainder when 4401 is divided by 12?
9
What is the remainder when 364 is divided by 357?
7
Calculate the remainder when 5793 is divided by 28.
25
Calculate the remainder when 1606 is divided by 27.
13
Calculate the remainder when 388 is divided by 107.
67
Calculate the remainder when 170 is divided by 57.
56
What is the remainder when 610 is divided by 36?
34
Calculate the remainder when 136 is divided by 26.
6
What is the remainder when 643 is divided by 19?
16
What is the remainder when 399 is divided by 16?
15
What is the remainder when 50 is divided by 27?
23
What is the remainder when 181 is divided by 24?
13
What is the remainder when 1238 is divided by 72?
14
What is the remainder when 3020 is divided by 55?
50
Calculate the remainder when 2487 is divided by 15.
12
What is the remainder when 187 is divided by 19?
16
What is the remainder when 49 is divided by 15?
4
Calculate the remainder when 964 is divided by 13.
2
Calculate the remainder when 305 is divided by 62.
57
What is the remainder when 885 is divided by 175?
10
Calculate the remainder when 88 is divided by 51.
37
What is the remainder when 429 is divided by 160?
109
What is the remainder when 719 is divided by 8?
7
Calculate the remainder when 31 is divided by 16.
15
What is the remainder when 395 is divided by 71?
40
Calculate the remainder when 44035 is divided by 27.
25
Calculate the remainder when 250 is divided by 37.
28
Calculate the remainder when 410 is divided by 111.
77
What is the remainder when 2616 is divided by 100?
16
What is the remainder when 160 is divided by 83?
77
Calculate the remainder when 415 is divided by 47.
39
What is the remainder when 319 is divided by 13?
7
Calculate the remainder when 428 is divided by 39.
38
What is the remainder when 1722 is divided by 133?
126
What is the remainder when 428 is divided by 13?
12
Calculate the remainder when 876 is divided by 149.
131
What is the remainder when 1034 is divided by 32?
10
What is the remainder when 268 is divided by 32?
12
Calculate the remainder when 9127 is divided by 12.
7
Calculate the remainder when 103 is divided by 51.
1
What is the remainder when 845 is divided by 37?
31
Calculate the remainder when 171 is divided by 87.
84
Calculate the remainder when 1664 is divided by 14.
12
Calculate the remainder when 548 is divided by 145.
113
What is the remainder when 7213 is divided by 13?
11
Calculate the remainder when 208 is divided by 7.
5
Calculate the remainder when 276 is divided by 57.
48
Calculate the remainder when 748 is divided by 241.
25
What is the remainder when 858 is divided by 21?
18
Calculate the remainder when 50 is divided by 23.
4
What is the remainder when 57 is divided by 24?
9
What is the remainder when 70 is divided by 27?
16
What is the remainder when 859 is divided by 58?
47
What is the remainder when 6753 is divided by 49?
40
Calculate the remainder when 1145 is divided by 29.
14
What is the remainder when 792 is divided by 176?
88
What is the remainder when 1204 is divided by 13?
8
What is the remainder when 141 is divided by 14?
1
What is the remainder when 54 is divided by 7?
5
What is the remainder when 2668 is divided by 81?
76
Calculate the remainder when 343 is divided by 13.
5
What is the remainder when 1384 is divided by 457?
13
Calculate the remainder when 8399 is divided by 140.
139
What is the remainder when 693 is divided by 265?
163
Calculate the remainder when 837 is divided by 305.
227
Calculate the remainder when 348 is divided by 4.
0
What is the remainder when 125 is divided by 21?
20
What is the remainder when 679 is divided by 49?
42
Calculate the remainder when 161 is divided by 33.
29
Calculate the remainder when 125 is divided by 9.
8
Calculate the remainder when 75 is divided by 39.
36
What is the remainder when 133 is divided by 4?
1
Calculate the remainder when 110 is divided by 9.
2
Calculate the remainder when 949 is divided by 158.
1
What is the remainder when 286 is divided by 9?
7
What is the remainder when 86 is divided by 34?
18
Calculate the remainder when 148 is divided by 15.
13
What is the remainder when 260 is divided by 22?
18
Calculate the remainder when 78 is divided by 23.
9
What is the remainder when 475 is divided by 56?
27
What is the remainder when 167 is divided by 55?
2
What is the remainder when 1423 is divided by 145?
118
Calculate the remainder when 406 is divided by 136.
134
What is the remainder when 86 is divided by 28?
2
What is the remainder when 1657 is divided by 237?
235
Calculate the remainder when 288 is divided by 60.
48
What is the remainder when 2046 is divided by 16?
14
What is the remainder when 1184 is divided by 25?
9
What is the remainder when 99 is divided by 26?
21
Calculate the remainder when 691 is divided by 164.
35
What is the remainder when 345 is divided by 90?
75
Calculate the remainder when 2442 is divided by 7.
6
What is the remainder when 531 is divide